52 is divided by 162858.
104
What is the remainder when 11124470 is divided by 273?
266
Calculate the remainder when 90653254 is divided by 2109.
2107
Calculate the remainder when 157739142 is divided by 188.
186
Calculate the remainder when 4830915 is divided by 1610209.
288
What is the remainder when 14003373 is divided by 2800649?
128
Calculate the remainder when 10182383 is divided by 496.
495
What is the remainder when 418978 is divided by 19951?
7
What is the remainder when 1549965 is divided by 44?
21
Calculate the remainder when 104852 is divided by 26207.
24
Calculate the remainder when 5702305 is divided by 7066.
43
Calculate the remainder when 1041355 is divided by 35908.
23
What is the remainder when 15857442 is divided by 456?
42
What is the remainder when 50356374 is divided by 243?
213
Calculate the remainder when 1766227 is divided by 405.
22
What is the remainder when 517474 is divided by 114?
28
Calculate the remainder when 733152 is divided by 36.
12
Calculate the remainder when 1658204 is divided by 388.
280
Calculate the remainder when 87291040 is divided by 158.
148
Calculate the remainder when 33424943 is divided by 28.
27
Calculate the remainder when 5064513 is divided by 2.
1
Calculate the remainder when 59486 is divided by 2232.
1454
What is the remainder when 1387720 is divided by 346924?
24
Calculate the remainder when 237324 is divided by 2242.
1914
What is the remainder when 33605935 is divided by 701?
696
Calculate the remainder when 15101936 is divided by 81.
53
What is the remainder when 7705049 is divided by 782?
3
Calculate the remainder when 4711742 is divided by 83.
81
Calculate the remainder when 41336 is divided by 2500.
1336
What is the remainder when 42354 is divided by 187?
92
Calculate the remainder when 7242100 is divided by 161.
159
Calculate the remainder when 2543327 is divided by 838.
835
Calculate the remainder when 18016 is divided by 14584.
3432
Calculate the remainder when 587167 is divided by 159.
139
What is the remainder when 16454143 is divided by 48?
31
Calculate the remainder when 36868976 is divided by 56.
32
What is the remainder when 2816951 is divided by 47?
6
What is the remainder when 11531790 is divided by 51945?
0
What is the remainder when 9993194 is divided by 234?
224
Calculate the remainder when 42822811 is divided by 1385.
1381
What is the remainder when 67216076 is divided by 35?
11
What is the remainder when 145541 is divided by 4846?
161
Calculate the remainder when 30788395 is divided by 1504.
11
What is the remainder when 1901990 is divided by 475462?
142
What is the remainder when 653244 is divided by 7338?
162
What is the remainder when 107091 is divided by 2727?
738
What is the remainder when 44538 is divided by 142?
92
What is the remainder when 6882383 is divided by 16827?
140
Calculate the remainder when 4558943 is divided by 314.
291
What is the remainder when 3604 is divided by 3366?
238
Calculate the remainder when 315124 is divided by 157322.
480
Calculate the remainder when 86952 is divided by 636.
456
Calculate the remainder when 120132 is divided by 66.
12
Calculate the remainder when 3307889 is divided by 831.
509
Calculate the remainder when 170205 is divided by 5318.
29
What is the remainder when 41914 is divided by 4600?
514
Calculate the remainder when 92261 is divided by 9.
2
Calculate the remainder when 21221 is divided by 577.
449
What is the remainder when 74980 is divided by 37486?
8
What is the remainder when 3016273 is divided by 1312?
1297
What is the remainder when 1175836 is divided by 1175754?
82
What is the remainder when 11168 is divided by 10804?
364
Calculate the remainder when 73925994 is divided by 1500.
1494
Calculate the remainder when 2753304 is divided by 105.
99
What is the remainder when 2156441 is divided by 1078220?
1
What is the remainder when 1555524 is divided by 3749?
3438
Calculate the remainder when 2001158 is divided by 41682.
422
Calculate the remainder when 4042586 is divided by 673728.
218
Calculate the remainder when 70371890 is divided by 50.
40
Calculate the remainder when 776866 is divided by 29.
14
Calculate the remainder when 772636 is divided by 772601.
35
What is the remainder when 2698963 is divided by 6599?
6571
What is the remainder when 119929 is divided by 79?
7
Calculate the remainder when 258777 is divided by 85741.
1554
What is the remainder when 8975 is divided by 3521?
1933
What is the remainder when 426402335 is divided by 29?
23
Calculate the remainder when 12662903 is divided by 297.
11
Calculate the remainder when 2035664 is divided by 635.
489
Calculate the remainder when 5527660 is divided by 1381905.
40
Calculate the remainder when 381684 is divided by 646.
544
What is the remainder when 2248378 is divided by 107061?
97
What is the remainder when 47297 is divided by 9356?
517
What is the remainder when 6731919 is divided by 10?
9
What is the remainder when 172778377 is divided by 1350?
1327
What is the remainder when 32457363 is divided by 1893?
1878
Calculate the remainder when 92716 is divided by 22122.
4228
Calculate the remainder when 192531 is divided by 4913.
924
Calculate the remainder when 29650954 is divided by 3.
1
What is the remainder when 823222 is divided by 342?
28
Calculate the remainder when 40514 is divided by 164.
6
Calculate the remainder when 290108654 is divided by 7.
3
What is the remainder when 82146221 is divided by 1252?
1249
Calculate the remainder when 2343461 is divided by 1722.
1541
What is the remainder when 79272 is divided by 682?
160
What is the remainder when 1133161 is divided by 30?
1
Calculate the remainder when 62705 is divided by 10445.
35
Calculate the remainder when 97604 is divided by 2268.
80
Calculate the remainder when 468979 is divided by 15.
4
What is the remainder when 346191 is divided by 3316?
1327
What is the remainder when 12430 is divided by 2999?
434
What is the remainder when 3674454 is divided by 282650?
4
What is the remainder when 1530219 is divided by 19?
16
Calculate the remainder when 138358 is divided by 1116.
1090
What is the remainder when 19156 is divided by 1432?
540
What is the remainder when 3700723 is divided by 264334?
47
What is the remainder when 5818302 is divided by 32?
30
What is the remainder when 3827199 is divided by 537?
0
Calculate the remainder when 12590903 is divided by 21.
17
What is the remainder when 98019 is divided by 45938?
6143
What is the remainder when 8996613 is divided by 18?
15
What is the remainder when 46115732 is divided by 41?
39
What is the remainder when 56996470 is divided by 42?
34
Calculate the remainder when 2899710 is divided by 263609.
11
Calculate the remainder when 462813178 is divided by 12.
10
Calculate the remainder when 1172805 is divided by 3723.
60
Calculate the remainder when 5307527 is divided by 209.
181
What is the remainder when 3499737 is divided by 583286?
21
Calculate the remainder when 527188 is divided by 527058.
130
What is the remainder when 59145 is divided by 264?
9
Calculate the remainder when 521787 is divided by 7052.
6991
What is the remainder when 17568368 is divided by 172?
116
What is the remainder when 90363 is divided by 9996?
399
What is the remainder when 1141125 is divided by 190185?
15
What is the remainder when 421584 is divided by 22822?
10788
What is the remainder when 433652114 is divided by 584?
578
What is the remainder when 433013 is divided by 47880?
2093
Calculate the remainder when 3588831 is divided by 3034.
2643
What is the remainder when 1148134 is divided by 140?
134
Calculate the remainder when 740361 is divided by 740343.
18
What is the remainder when 24782381 is divided by 54110?
1
Calculate the remainder when 43900 is divided by 337.
90
Calculate the remainder when 584208 is divided by 1765.
1758
Calculate the remainder when 796072 is divided by 99509.
0
Calculate the remainder when 377476 is divided by 188447.
582
Calculate the remainder when 1109085 is divided by 1469.
1459
Calculate the remainder when 597504 is divided by 595938.
1566
Calculate the remainder when 271032 is divided by 88933.
4233
Calculate the remainder when 9241725 is divided by 822.
801
What is the remainder when 94452 is divided by 2306?
2212
What is the rem